the remainder when 112670 is divided by 5632.
30
Calculate the remainder when 86854 is divided by 47.
45
Calculate the remainder when 5261 is divided by 7.
4
Calculate the remainder when 88872 is divided by 29580.
132
Calculate the remainder when 161205 is divided by 43.
41
What is the remainder when 1708533 is divided by 12?
9
What is the remainder when 1053617 is divided by 15?
2
What is the remainder when 32193 is divided by 549?
351
Calculate the remainder when 1444043 is divided by 167.
161
What is the remainder when 127959 is divided by 186?
177
Calculate the remainder when 168624 is divided by 1873.
54
Calculate the remainder when 4084 is divided by 581.
17
Calculate the remainder when 9584 is divided by 9559.
25
What is the remainder when 20244 is divided by 37?
5
What is the remainder when 293083 is divided by 45?
43
Calculate the remainder when 19846 is divided by 382.
364
Calculate the remainder when 10015 is divided by 56.
47
Calculate the remainder when 3265160 is divided by 1632578.
4
Calculate the remainder when 13665 is divided by 571.
532
What is the remainder when 216000 is divided by 71990?
30
Calculate the remainder when 31723 is divided by 10538.
109
Calculate the remainder when 94213 is divided by 124.
97
Calculate the remainder when 12540 is divided by 9.
3
Calculate the remainder when 274537 is divided by 61.
37
Calculate the remainder when 33090 is divided by 5510.
30
Calculate the remainder when 88322 is divided by 121.
113
Calculate the remainder when 5563 is divided by 62.
45
What is the remainder when 4785 is divided by 218?
207
What is the remainder when 7406 is divided by 38?
34
Calculate the remainder when 6061 is divided by 119.
111
Calculate the remainder when 10118 is divided by 175.
143
What is the remainder when 4769 is divided by 1538?
155
Calculate the remainder when 5936 is divided by 2928.
80
What is the remainder when 368475 is divided by 35?
30
What is the remainder when 1680 is divided by 257?
138
What is the remainder when 66553 is divided by 66546?
7
Calculate the remainder when 5968 is divided by 26.
14
Calculate the remainder when 48427 is divided by 16069.
220
What is the remainder when 564896 is divided by 150?
146
What is the remainder when 162839 is divided by 295?
294
What is the remainder when 8196 is divided by 4094?
8
What is the remainder when 29344 is divided by 862?
36
What is the remainder when 313670 is divided by 169?
6
What is the remainder when 124955 is divided by 8330?
5
What is the remainder when 24138 is divided by 8037?
27
What is the remainder when 1344238 is divided by 36?
34
What is the remainder when 33263 is divided by 138?
5
Calculate the remainder when 31166 is divided by 7.
2
What is the remainder when 22630 is divided by 942?
22
What is the remainder when 2971 is divided by 30?
1
Calculate the remainder when 18070 is divided by 3613.
5
What is the remainder when 203183 is divided by 148?
127
What is the remainder when 11234 is divided by 71?
16
What is the remainder when 8110 is divided by 388?
350
What is the remainder when 2802 is divided by 227?
78
What is the remainder when 18357 is divided by 7?
3
Calculate the remainder when 418821 is divided by 69802.
9
Calculate the remainder when 5639 is divided by 220.
139
Calculate the remainder when 144967 is divided by 12.
7
Calculate the remainder when 1341 is divided by 250.
91
What is the remainder when 14863 is divided by 124?
107
What is the remainder when 8613 is divided by 1074?
21
What is the remainder when 10478452 is divided by 98?
96
Calculate the remainder when 6539 is divided by 129.
89
What is the remainder when 10503 is divided by 5172?
159
Calculate the remainder when 39039 is divided by 521.
485
What is the remainder when 156711 is divided by 519?
492
What is the remainder when 26400 is divided by 574?
570
What is the remainder when 10430 is divided by 282?
278
Calculate the remainder when 3696 is divided by 338.
316
Calculate the remainder when 6977 is divided by 342.
137
What is the remainder when 107076 is divided by 53535?
6
Calculate the remainder when 196514 is divided by 157.
107
What is the remainder when 10750 is divided by 443?
118
Calculate the remainder when 3739 is divided by 1820.
99
What is the remainder when 7340 is divided by 102?
98
What is the remainder when 301383 is divided by 100452?
27
What is the remainder when 552113 is divided by 829?
828
Calculate the remainder when 5079 is divided by 707.
130
Calculate the remainder when 17953 is divided by 5966.
55
Calculate the remainder when 9576 is divided by 480.
456
What is the remainder when 495299 is divided by 15?
14
What is the remainder when 28658 is divided by 235?
223
Calculate the remainder when 3833 is divided by 3779.
54
Calculate the remainder when 3470 is divided by 523.
332
Calculate the remainder when 30701 is divided by 1351.
979
What is the remainder when 105107 is divided by 17517?
5
What is the remainder when 528899 is divided by 829?
826
Calculate the remainder when 1510558 is divided by 13.
10
Calculate the remainder when 41849 is divided by 558.
557
Calculate the remainder when 1485 is divided by 324.
189
What is the remainder when 13379 is divided by 1090?
299
Calculate the remainder when 3886 is divided by 297.
25
Calculate the remainder when 78920 is divided by 13.
10
What is the remainder when 2703 is divided by 151?
136
Calculate the remainder when 1390 is divided by 529.
332
What is the remainder when 11744 is divided by 11737?
7
Calculate the remainder when 11151 is divided by 11147.
4
What is the remainder when 5764 is divided by 92?
60
What is the remainder when 10593 is divided by 353?
3
Calculate the remainder when 12733 is divided by 3178.
21
What is the remainder when 94012 is divided by 2937?
28
Calculate the remainder when 1132 is divided by 52.
40
What is the remainder when 73124 is divided by 277?
273
Calculate the remainder when 51145 is divided by 12628.
633
Calculate the remainder when 108027 is divided by 1895.
12
What is the remainder when 8113 is divided by 369?
364
Calculate the remainder when 26897 is divided by 692.
601
What is the remainder when 181 is divided by 103?
78
Calculate the remainder when 3468 is divided by 3392.
76
Calculate the remainder when 2447 is divided by 613.
608
What is the remainder when 4063 is divided by 251?
47
What is the remainder when 14027 is divided by 3941?
2204
Calculate the remainder when 304940 is divided by 33877.
47
What is the remainder when 9915 is divided by 3117?
564
Calculate the remainder when 31524 is divided by 618.
6
What is the remainder when 833312 is divided by 29?
26
Calculate the remainder when 34516 is divided by 170.
6
Calculate the remainder when 80603 is divided by 701.
689
What is the remainder when 3800 is divided by 1821?
158
What is the remainder when 212 is divided by 190?
22
Calculate the remainder when 18369 is divided by 55.
54
What is the remainder when 17032 is divided by 1699?
42
What is the remainder when 993 is divided by 76?
5
What is the remainder when 1929 is divided by 139?
122
Calculate the remainder when 2757699 is divided by 1994.
1991
What is the remainder when 381820 is divided by 337?
336
What is the remainder when 12269 is divided by 6?
5
What is the remainder when 9149 is divided by 24?
5
What is the remainder when 13094 is divided by 4363?
5
What is the remainder when 5827 is divided by 1935?
22
Calculate the remainder when 4067687 is divided by 69.
68
What is the remainder when 19867 is divided by 9499?
869
What is the remainder when 1828485 is divided by 11?
10
Calculate the remainder when 89188 is divided by 13.
8
What is the remainder when 14065 is divided by 56?
9
Calculate the remainder when 25382 is divided by 99.
38
Calculate the remainder when 81387 is divided by 81377.
10
Calculate the remainder when 501696 is divided by 26405.
1
Calculate the remainder when 6620537 is divided by 239.
237
What is the remainder when 5958 is divided by 370?
38
What is the remainder when 12628 is divided by 6299?
30
What is the remainder when 886 is divided by 443?
0
What is the remainder when 9888 is divided by 258?
84
What is the remainder when 2747 is divided by 1321?
105
Calculate the remainder when 130018 is div